ided by 9.
0
What is the remainder when 105 is divided by 53?
52
What is the remainder when 700 is divided by 47?
42
Calculate the remainder when 290 is divided by 14.
10
Calculate the remainder when 170 is divided by 37.
22
What is the remainder when 4619 is divided by 15?
14
Calculate the remainder when 2129 is divided by 22.
17
Calculate the remainder when 504 is divided by 132.
108
Calculate the remainder when 1997 is divided by 288.
269
Calculate the remainder when 922 is divided by 28.
26
Calculate the remainder when 4703 is divided by 21.
20
Calculate the remainder when 291 is divided by 77.
60
What is the remainder when 242 is divided by 21?
11
Calculate the remainder when 1910 is divided by 52.
38
What is the remainder when 4421 is divided by 177?
173
What is the remainder when 474 is divided by 120?
114
Calculate the remainder when 761 is divided by 85.
81
What is the remainder when 1255 is divided by 14?
9
Calculate the remainder when 108 is divided by 38.
32
What is the remainder when 1086 is divided by 148?
50
What is the remainder when 1417 is divided by 11?
9
Calculate the remainder when 3671 is divided by 15.
11
What is the remainder when 207 is divided by 173?
34
Calculate the remainder when 68 is divided by 20.
8
What is the remainder when 888 is divided by 287?
27
What is the remainder when 459 is divided by 16?
11
Calculate the remainder when 593 is divided by 9.
8
What is the remainder when 372 is divided by 15?
12
What is the remainder when 1174 is divided by 27?
13
Calculate the remainder when 1262 is divided by 31.
22
Calculate the remainder when 47 is divided by 40.
7
Calculate the remainder when 73 is divided by 49.
24
Calculate the remainder when 23 is divided by 14.
9
Calculate the remainder when 463 is divided by 28.
15
What is the remainder when 238 is divided by 96?
46
Calculate the remainder when 1979 is divided by 64.
59
Calculate the remainder when 1877 is divided by 40.
37
Calculate the remainder when 420 is divided by 141.
138
Calculate the remainder when 1619 is divided by 180.
179
What is the remainder when 68 is divided by 27?
14
What is the remainder when 285 is divided by 9?
6
Calculate the remainder when 253 is divided by 43.
38
What is the remainder when 3743 is divided by 96?
95
Calculate the remainder when 649 is divided by 21.
19
What is the remainder when 17479 is divided by 31?
26
What is the remainder when 645 is divided by 13?
8
Calculate the remainder when 521 is divided by 186.
149
Calculate the remainder when 700 is divided by 15.
10
Calculate the remainder when 20352 is divided by 28.
24
What is the remainder when 102 is divided by 32?
6
What is the remainder when 1836 is divided by 154?
142
Calculate the remainder when 4753 is divided by 395.
13
What is the remainder when 6662 is divided by 28?
26
Calculate the remainder when 23611 is divided by 246.
241
Calculate the remainder when 276 is divided by 68.
4
Calculate the remainder when 1871 is divided by 38.
9
Calculate the remainder when 248 is divided by 87.
74
What is the remainder when 308 is divided by 52?
48
Calculate the remainder when 888 is divided by 81.
78
Calculate the remainder when 12375 is divided by 91.
90
Calculate the remainder when 4597 is divided by 7.
5
What is the remainder when 64 is divided by 11?
9
What is the remainder when 28 is divided by 6?
4
What is the remainder when 198 is divided by 51?
45
Calculate the remainder when 148 is divided by 10.
8
What is the remainder when 75 is divided by 75?
0
Calculate the remainder when 36 is divided by 21.
15
What is the remainder when 265 is divided by 70?
55
Calculate the remainder when 616 is divided by 53.
33
What is the remainder when 84 is divided by 17?
16
What is the remainder when 148 is divided by 33?
16
Calculate the remainder when 654 is divided by 164.
162
What is the remainder when 411 is divided by 185?
41
What is the remainder when 4323 is divided by 35?
18
Calculate the remainder when 43 is divided by 4.
3
What is the remainder when 1832 is divided by 139?
25
Calculate the remainder when 127 is divided by 66.
61
Calculate the remainder when 31546 is divided by 50.
46
What is the remainder when 229 is divided by 55?
9
Calculate the remainder when 442 is divided by 35.
22
What is the remainder when 417 is divided by 21?
18
What is the remainder when 218 is divided by 23?
11
Calculate the remainder when 826 is divided by 138.
136
What is the remainder when 195 is divided by 10?
5
What is the remainder when 198 is divided by 69?
60
What is the remainder when 778 is divided by 65?
63
What is the remainder when 150 is divided by 7?
3
Calculate the remainder when 38399 is divided by 128.
127
What is the remainder when 2484 is divided by 58?
48
What is the remainder when 126 is divided by 16?
14
Calculate the remainder when 66 is divided by 19.
9
What is the remainder when 82 is divided by 78?
4
What is the remainder when 744 is divided by 236?
36
What is the remainder when 1417 is divided by 129?
127
What is the remainder when 35 is divided by 6?
5
Calculate the remainder when 1950 is divided by 93.
90
What is the remainder when 2188 is divided by 2186?
2
Calculate the remainder when 747 is divided by 104.
19
What is the remainder when 6996 is divided by 25?
21
Calculate the remainder when 325 is divided by 317.
8
What is the remainder when 4494 is divided by 897?
9
What is the remainder when 262 is divided by 66?
64
What is the remainder when 773 is divided by 98?
87
What is the remainder when 2374 is divided by 72?
70
What is the remainder when 41 is divided by 26?
15
Calculate the remainder when 780 is divided by 132.
120
Calculate the remainder when 106 is divided by 22.
18
Calculate the remainder when 6047 is divided by 11.
8
Calculate the remainder when 589 is divided by 27.
22
Calculate the remainder when 907 is divided by 48.
43
Calculate the remainder when 4390 is divided by 1462.
4
What is the remainder when 24925 is divided by 121?
120
What is the remainder when 713 is divided by 232?
17
What is the remainder when 2676 is divided by 19?
16
Calculate the remainder when 134 is divided by 15.
14
What is the remainder when 838 is divided by 405?
28
What is the remainder when 1097 is divided by 524?
49
What is the remainder when 2391 is divided by 595?
11
What is the remainder when 1156 is divided by 60?
16
Calculate the remainder when 566 is divided by 57.
53
What is the remainder when 1202 is divided by 13?
6
Calculate the remainder when 872 is divided by 224.
200
Calculate the remainder when 371 is divided by 11.
8
What is the remainder when 5367 is divided by 7?
5
What is the remainder when 33 is divided by 2?
1
Calculate the remainder when 220 is divided by 75.
70
What is the remainder when 12061 is divided by 29?
26
What is the remainder when 1140 is divided by 43?
22
What is the remainder when 41 is divided by 22?
19
What is the remainder when 353 is divided by 85?
13
What is the remainder when 2847 is divided by 50?
47
What is the remainder when 3265 is divided by 22?
9
What is the remainder when 4396 is divided by 80?
76
What is the remainder when 107 is divided by 44?
19
Calculate the remainder when 388 is divided by 11.
3
What is the remainder when 10397 is divided by 200?
197
Calculate the remainder when 852 is divided by 288.
276
Calculate the remainder when 136 is divided by 43.
7
Calculate the remainder when 83 is divided by 6.
5
Calculate the remainder when 421 is divided by 6.
1
Calculate the remainder when 94 is divided by 25.
19
What is the remainder when 685 is divided by 49?
48
What is the remainder when 784 is divided by 113?
106
Calculate the remainder when 14 is divided by 11.
3
What is the remainder when 13618 is divided by 53?
50
Calculate the remainder when 425 is divided by 27.
20
Calculate the remainder when 492 is divided by 40.
12
Calculate the remainder when 302 is divided by 44.
38
Calculate the remainder when 214 is divided by 101.
12
Calculate the remainder when 161 is divided by 52.
5
What is the remainder when 510 is divided by 456?
54
What is the remainder when 149 is divided by 8?
5
What is the remainder when 47 is divided by 33?
14
Calculate the remainder when 2277 is divided by 30.
27
Calculate the remainder when 